the units digit of 794102211?
1
What is the units digit of 378842686?
6
What is the hundreds digit of 143233542?
5
What is the ten millions digit of 47512077?
4
What is the hundred thousands digit of 54846599?
8
What is the thousands digit of 5776272588?
2
What is the thousands digit of 2090559103?
9
What is the hundreds digit of 84469561?
5
What is the hundred thousands digit of 461297523?
2
What is the ten thousands digit of 356630915?
3
What is the ten thousands digit of 186628210?
2
What is the units digit of 367103060?
0
What is the hundred millions digit of 712699936?
7
What is the ten millions digit of 383720885?
8
What is the hundreds digit of 779781148?
1
What is the thousands digit of 229778832?
8
What is the millions digit of 8834973093?
4
What is the millions digit of 5894193291?
4
What is the tens digit of 615425307?
0
What is the hundred millions digit of 278917877?
2
What is the hundreds digit of 51137369?
3
What is the units digit of 101393210?
0
What is the ten thousands digit of 23993819?
9
What is the units digit of 4766203437?
7
What is the units digit of 524561686?
6
What is the hundred thousands digit of 712571285?
5
What is the units digit of 1086152602?
2
What is the millions digit of 27244117?
7
What is the ten thousands digit of 1287455884?
5
What is the ten thousands digit of 25496326?
9
What is the millions digit of 456187695?
6
What is the millions digit of 289773286?
9
What is the tens digit of 44013065?
6
What is the hundred thousands digit of 93236954?
2
What is the ten thousands digit of 3039276802?
7
What is the millions digit of 3378348?
3
What is the tens digit of 141876443?
4
What is the thousands digit of 477119059?
9
What is the hundred thousands digit of 137434448?
4
What is the millions digit of 1102236249?
2
What is the tens digit of 89162157?
5
What is the hundred thousands digit of 26288329?
2
What is the millions digit of 248532981?
8
What is the thousands digit of 532929883?
9
What is the thousands digit of 94867260?
7
What is the millions digit of 518072253?
8
What is the hundreds digit of 896921963?
9
What is the ten millions digit of 32436688?
3
What is the units digit of 105355077?
7
What is the millions digit of 7327128100?
7
What is the hundred millions digit of 749704365?
7
What is the tens digit of 438477765?
6
What is the hundreds digit of 3109063?
0
What is the ten millions digit of 1304163553?
0
What is the hundred thousands digit of 178003692?
0
What is the hundred thousands digit of 397614771?
6
What is the ten thousands digit of 367264875?
6
What is the hundreds digit of 123188839?
8
What is the ten thousands digit of 1401886092?
8
What is the units digit of 610749557?
7
What is the hundreds digit of 512936611?
6
What is the units digit of 83762568?
8
What is the ten thousands digit of 91052036?
5
What is the hundred thousands digit of 561191585?
1
What is the ten millions digit of 226493491?
2
What is the hundred thousands digit of 4086458102?
4
What is the hundred thousands digit of 770431451?
4
What is the millions digit of 332000308?
2
What is the hundreds digit of 18047048?
0
What is the hundreds digit of 719910?
9
What is the hundreds digit of 86940868?
8
What is the millions digit of 487682332?
7
What is the hundreds digit of 100746877?
8
What is the hundred thousands digit of 2164284392?
2
What is the hundred thousands digit of 70916955?
9
What is the hundred millions digit of 292465006?
2
What is the hundreds digit of 1757890921?
9
What is the ten millions digit of 79451179?
7
What is the millions digit of 33572505?
3
What is the hundred millions digit of 3085320311?
0
What is the hundreds digit of 33076339?
3
What is the billions digit of 2574386422?
2
What is the hundred thousands digit of 46497110?
4
What is the millions digit of 225233489?
5
What is the ten thousands digit of 1207992877?
9
What is the thousands digit of 8518796?
8
What is the hundred millions digit of 125408897?
1
What is the millions digit of 1419712362?
9
What is the hundred millions digit of 3538290290?
5
What is the units digit of 871786534?
4
What is the tens digit of 271180317?
1
What is the hundred thousands digit of 9932779?
9
What is the hundred thousands digit of 265109105?
1
What is the hundreds digit of 33802125?
1
What is the tens digit of 35602869?
6
What is the thousands digit of 101296361?
6
What is the thousands digit of 35445562?
5
What is the hundred thousands digit of 1384298475?
2
What is the units digit of 24097123?
3
What is the millions digit of 17863839?
7
What is the thousands digit of 1004794196?
4
What is the hundred millions digit of 2088591968?
0
What is the hundreds digit of 9722875?
8
What is the hundred millions digit of 169972600?
1
What is the ten thousands digit of 470654947?
5
What is the tens digit of 62966033?
3
What is the thousands digit of 90858211?
8
What is the tens digit of 28675791?
9
What is the thousands digit of 614759065?
9
What is the units digit of 1414802620?
0
What is the units digit of 4949005410?
0
What is the ten thousands digit of 422144458?
4
What is the ten thousands digit of 13474678?
7
What is the units digit of 350539695?
5
What is the tens digit of 172693850?
5
What is the hundreds digit of 21616703?
7
What is the ten millions digit of 1203199880?
0
What is the units digit of 63399154?
4
What is the ten thousands digit of 5508714529?
1
What is the millions digit of 205638472?
5
What is the millions digit of 93883418?
3
What is the thousands digit of 139462499?
2
What is the ten millions digit of 1412025803?
1
What is the ten millions digit of 573428478?
7
What is the hundred thousands digit of 20778686?
7
What is the ten thousands digit of 1658905896?
0
What is the millions digit of 111977010?
1
What is the hundreds digit of 55169938?
9
What is the millions digit of 585062607?
5
What is the thousands digit of 413175383?
5
What is the hundred millions digit of 290236867?
2
What is the units digit of 901831189?
9
What is the hundred thousands digit of 654150520?
1
What is the ten thousands digit of 99999086?
9
What is the ten thousands digit of 118374685?
7
What is the hundreds digit of 31748534?
5
What is the billions digit of 2566348910?
2
What is the units digit of 186460583?
3
What is the thousands digit of 2533302763?
2
What is the hundred thousands digit of 515215896?
2
What is the hundreds digit of 471955756?
7
What is the hundred thousands digit of 2213792466?
7
What is the ten thousands digit of 359072655?
7
What is the hundreds digit of 665559522?
5
What is the tens digit of 190139820?
2
What is the thousands digit of 277013464?
3
What is the ten thousands digit of 26694233?
9
What is the units digit of 104854313?
3
What is the units digit of 3575014669?
9
What is the ten millions digit of 93350186?
9
What is the millions digit of 437977362?
7
What is the thousands digit of 3565984701?
4
What is the ten millions digit of 4179975859?
7
What is the hundred thousands digit of 628899025?
8
What is the units digit of 1648779277?
7
What is the millions digit of 320040224?
0
What is the hundred thousands digit of 12601588?
6
What is the units digit of 183401631?
1
What is the hundreds digit of 1057151553?
5
What is the hundreds digit of 158678?
6
What is the hundreds digit of 9747608?
6
What is the units digit of 1705664852?
2
What is the hundreds digit of 427722058?
0
What is the hundreds digit of 74007896?
8
What is the hundreds digit of 138556085?
0
What is the units digit of 62800386?
6
What is the millions digit of 39366143?
9
What is the hundred millions digit of 124657265?
1
What is the tens digit of 170339340?
4
What is the units digit of 104932751?
1
What is the ten thousands digit of 27757498?
5
What is the hundred thousands digit of 2223681432?
6
What is the units digit of 847930?
0
What is the units digit of 23829973?
3
What is the ten thousands digit of 1729552220?
5
What is the units digit of 188761653?
3
What is the millions digit of 57585782?
7
What is the ten millions digit of 498632098?
9
What is the ten millions digit of 1927750309?
2
What is the thousands digit of 76824861?
4
What is the millions digit of 322716331?
2
What is the hundreds digit of 1205919552?
5
What is the units digit of 1161960456?
6
What is the tho